me number?
True
Is 297748403 prime?
True
Is 111563460131 a prime number?
False
Is 67789816103 a composite number?
True
Is 26011258283 a composite number?
True
Is 631014487 prime?
False
Is 610799741 composite?
False
Is 984980531 a composite number?
False
Is 66753347 a prime number?
True
Is 88595676493 a composite number?
True
Is 8555124067 a composite number?
True
Is 630927553 a prime number?
True
Is 3263316911 a composite number?
True
Is 506434421 composite?
False
Is 4432188569 prime?
False
Is 4027901153 a composite number?
False
Is 5602969598 prime?
False
Is 3427858327 a composite number?
False
Is 5846450647 a composite number?
True
Is 12883432319 a composite number?
False
Is 1161206597 a prime number?
False
Is 7753109095 a composite number?
True
Is 425800358 composite?
True
Is 7666149721 prime?
True
Is 27855607973 a composite number?
False
Is 33345120641 composite?
True
Is 560767513 a composite number?
True
Is 16813367029 a composite number?
False
Is 71425097203 a composite number?
True
Is 2679893571 a composite number?
True
Is 617996207 a prime number?
True
Is 8215389359 prime?
True
Is 339495619 composite?
False
Is 1637917243 a prime number?
True
Is 24056044385 a composite number?
True
Is 4292882459 a composite number?
False
Is 4036931699 prime?
True
Is 30274823431 a composite number?
True
Is 342470617 a prime number?
True
Is 6339290707 composite?
False
Is 1911273341 prime?
False
Is 94814949199 prime?
False
Is 1017740569 composite?
False
Is 64074270713 prime?
True
Is 841795189 prime?
False
Is 690139157 prime?
False
Is 50080887733 prime?
False
Is 9318884143 a composite number?
True
Is 32545003453 a prime number?
True
Is 2783321155 prime?
False
Is 814048853 a composite number?
True
Is 5534951161 prime?
False
Is 22286337197 prime?
False
Is 46075663 composite?
True
Is 42113714911 composite?
False
Is 1654175113 composite?
False
Is 1792926446 a composite number?
True
Is 349317569 prime?
False
Is 15244572787 composite?
False
Is 3309861757 prime?
True
Is 2884597091 prime?
False
Is 19406827871 composite?
True
Is 1560481294 a composite number?
True
Is 1128621647 prime?
True
Is 1370936309 composite?
True
Is 454114127 composite?
True
Is 43461957817 composite?
True
Is 36891194159 prime?
True
Is 48289737931 a composite number?
True
Is 56274937 a composite number?
True
Is 3104254421 a prime number?
False
Is 167392571 composite?
False
Is 222271487 a composite number?
False
Is 7696239833 prime?
False
Is 5061733199 a prime number?
True
Is 754909847 prime?
False
Is 777511207 a prime number?
False
Is 90052507241 composite?
False
Is 2395086091 prime?
False
Is 87099917 prime?
False
Is 3595211827 a composite number?
True
Is 107950026167 composite?
True
Is 91990400857 a prime number?
False
Is 1065863993 prime?
False
Is 1612693378 prime?
False
Is 927152687 a prime number?
True
Is 47623767977 a composite number?
True
Is 1092834629 a prime number?
True
Is 21840541909 a composite number?
False
Is 12189587549 a prime number?
True
Is 3665151179 a composite number?
False
Is 12037612633 a prime number?
True
Is 7101759701 a prime number?
False
Is 5009964749 composite?
False
Is 667673401 prime?
False
Is 31944318601 prime?
False
Is 109429211011 prime?
False
Is 700894643 composite?
True
Is 17835327119 prime?
False
Is 46412381 a composite number?
False
Is 2936422113 a composite number?
True
Is 2693767771 a composite number?
True
Is 226284503 a prime number?
True
Is 306078083 composite?
False
Is 276430253 composite?
True
Is 1499596867 a composite number?
True
Is 18254512391 prime?
False
Is 1822171415 prime?
False
Is 758342419 prime?
True
Is 1714055467 a prime number?
False
Is 10041663589 a composite number?
False
Is 1018863973 composite?
True
Is 6416427439 composite?
False
Is 490398457 composite?
False
Is 743739965 composite?
True
Is 11876087387 a prime number?
True
Is 9831893549 prime?
True
Is 285574018541 a prime number?
False
Is 40680127787 prime?
False
Is 637668793 composite?
True
Is 82381096283 prime?
True
Is 11679253979 composite?
False
Is 241319587 composite?
True
Is 10970721731 a prime number?
False
Is 4423345057 prime?
True
Is 6046394971 a composite number?
False
Is 121764667 prime?
True
Is 183453849367 a composite number?
False
Is 3146038631 composite?
False
Is 381635101 composite?
False
Is 20918578958 composite?
True
Is 2715266695 a prime number?
False
Is 2420789626 prime?
False
Is 4850219893 prime?
True
Is 2592692827 composite?
True
Is 493817450557 prime?
True
Is 25501557517 composite?
False
Is 17821245107 prime?
True
Is 35422232071 a composite number?
False
Is 1667126003 composite?
False
Is 161525629381 a composite number?
True
Is 911096153 a prime number?
False
Is 9485874709 a composite number?
False
Is 804494167 prime?
False
Is 107010073 prime?
False
Is 59119116163 prime?
True
Is 74126251 prime?
True
Is 9423240271 a prime number?
True
Is 3310440197 composite?
False
Is 498357749 composite?
False
Is 930114667 a prime number?
False
Is 82309203077 composite?
False
Is 51206964329 composite?
True
Is 2721333443 a prime number?
False
Is 1447422167 a prime number?
False
Is 223648431 composite?
True
Is 10274872873 composite?
True
Is 20172928751 a prime number?
True
Is 33876524859 composite?
True
Is 365425547 composite?
False
Is 115772225659 composite?
True
Is 11245695581 composite?
True
Is 2650818487 composite?
True
Is 127230216881 composite?
False
Is 16966032289 a composite number?
False
Is 15932212687 a composite number?
True
Is 8657025049 prime?
True
Is 2874147427 a prime number?
False
Is 8655655009 a prime number?
False
Is 3896437 a prime number?
False
Is 68435006593 composite?
True
Is 23252030969 a prime number?
True
Is 15995142643 composite?
False
Is 1288972387 composite?
True
Is 1951965613 composite?
True
Is 122471003 composite?
False
Is 999298957 prime?
True
Is 1039192747 composite?
True
Is 2311748987 a prime number?
True
Is 291495049 prime?
True
Is 3121081567 a composite number?
False
Is 17156840137 a composite number?
False
Is 267699283 a prime number?
True
Is 1794212443 prime?
True
Is 1213867103 a prime number?
False
Is 32647520293 a prime number?
False
Is 515233747 a prime number?
False
Is 12873751237 a composite number?
False
Is 76998851695 composite?
True
Is 559094919 a composite number?
True
Is 24008473 prime?
True
Is 597087121 a prime number?
False
Is 252794051 composite?
False
Is 141760369 a composite number?
False
Is 9859093553 a prime number?
False
Is 12644071577 prime?
True
Is 1083418037 a composite number?
True
Is 5676001693 prime?
True
Is 1581530063 a prime number?
True
Is 7545543883 prime?
False
Is 3514485127 composite?
True
Is 26813214847 composite?
True
Is 1613055751 prime?
True
Is 45220451 composite?
False
Is 1035198677 prime?
False
Is 4968559469 composite?
True
Is 701276677 a composite number?
False
Is 45508314301 a composite number?
False
Is 1863623537 prime?
False
Is 1381912681 a composite number?
False
Is 5553599221 prime?
False
Is 67855873 a composite number?
False
Is 9372294605 composite?
True
Is 10917480589 composite?
False
Is 12246350797 a composite number?
True
Is 3362984849 a prime number?
False
Is 68554732991 prime?
True
Is 853552093 a composite number?
False
Is 17207895171 prime?
False
Is 6114170399 a composite number?
True
Is 28949740949 prime?
True
Is 3364194043 a prime number?
False
Is 57920174293 a composite number?
False
Is 1019459677 a composite number?
True
Is 169555786021 composite?
False
Is 239221060009 composite?
False
Is 33951056389 a prime number?
False
Is 31522411307 a composite number?
True
Is 2602243793 composite?
True
Is 340548181 composite?
True
Is 3378957403 prime?
False
Is 6180346969 composite?
False
Is 1992225803 a composite number?
False
Is 80578871401 a composite number?
True
Is 2690395249 a composite number?
True
Is 2790066467 composite?
False
Is 200878935029 prime?
False
Is 1110807239 a prime number?
False
Is 2260319101 composite?
True
Is 1556228941 composite?
False
Is 86606369239 a composite number?
True
Is 57616499 a composite number?
False
Is 30631737593 composite?
False
Is 86051587 composite?
False
Is 614433881 prime?
False
Is 17802268769 a composite number?
False
Is 278380603 a composite number?
False
Is 1025467269 a prime number?
False
Is 21501739483 a composite number?
True
Is 440183119 composite?
Fa